s of 205323?
3, 89, 769
List the prime factors of 15624860.
2, 5, 781243
List the prime factors of 6090354.
2, 3, 23, 47, 313
List the prime factors of 621907.
11, 13, 4349
What are the prime factors of 2340289?
7, 6823
What are the prime factors of 2362984?
2, 13, 22721
What are the prime factors of 16128458?
2, 131, 61559
What are the prime factors of 3058151?
379, 8069
What are the prime factors of 287432?
2, 19, 31, 61
What are the prime factors of 14987750?
2, 5, 59951
What are the prime factors of 4059302?
2, 13, 156127
What are the prime factors of 688262?
2, 17, 31, 653
What are the prime factors of 30740?
2, 5, 29, 53
List the prime factors of 3690814.
2, 53, 34819
List the prime factors of 9074650.
2, 5, 13, 23, 607
List the prime factors of 525088.
2, 61, 269
List the prime factors of 718247.
73, 9839
What are the prime factors of 1293202?
2, 107, 6043
List the prime factors of 902073.
3, 300691
What are the prime factors of 19868066?
2, 61, 162853
List the prime factors of 6275361.
3, 31, 67477
List the prime factors of 255463.
13, 43, 457
List the prime factors of 529647.
3, 176549
What are the prime factors of 118686?
2, 3, 131, 151
List the prime factors of 7240802.
2, 3620401
List the prime factors of 602139.
3, 200713
List the prime factors of 5954575.
5, 11, 59, 367
What are the prime factors of 497724?
2, 3, 19, 37, 59
List the prime factors of 321109.
321109
List the prime factors of 3141787.
11, 17, 53, 317
List the prime factors of 1842630.
2, 3, 5, 17, 3613
What are the prime factors of 2963253?
3, 17, 97, 599
What are the prime factors of 1536263?
1536263
List the prime factors of 6854634.
2, 3, 107, 3559
List the prime factors of 1796748.
2, 3, 149729
What are the prime factors of 165963?
3, 7, 1129
List the prime factors of 37598423.
37598423
What are the prime factors of 417241?
11, 83, 457
What are the prime factors of 106224?
2, 3, 2213
List the prime factors of 31559069.
31559069
What are the prime factors of 17952164?
2, 311, 14431
What are the prime factors of 2475307?
79, 31333
List the prime factors of 244398.
2, 3, 7, 11, 23
List the prime factors of 1584523.
163, 9721
What are the prime factors of 10236964?
2, 103, 24847
What are the prime factors of 1005057?
3, 17, 6569
What are the prime factors of 761416?
2, 95177
What are the prime factors of 153675?
3, 5, 683
List the prime factors of 19542790.
2, 5, 1954279
What are the prime factors of 1628882?
2, 71, 11471
What are the prime factors of 1996536?
2, 3, 41, 2029
What are the prime factors of 128573?
19, 67, 101
List the prime factors of 154829.
107, 1447
List the prime factors of 232530.
2, 3, 5, 23, 337
List the prime factors of 18024.
2, 3, 751
List the prime factors of 8983294.
2, 23, 179, 1091
What are the prime factors of 3026527?
7, 17, 29, 877
List the prime factors of 16700243.
7, 41, 58189
List the prime factors of 2162249.
2162249
List the prime factors of 2248753.
13, 172981
What are the prime factors of 500477?
43, 103, 113
What are the prime factors of 91876?
2, 103, 223
List the prime factors of 509294.
2, 254647
List the prime factors of 4270662.
2, 3, 11, 21569
List the prime factors of 213125.
5, 11, 31
List the prime factors of 750900.
2, 3, 5, 2503
List the prime factors of 3551499.
3, 7, 19, 23, 43
List the prime factors of 43177.
43177
What are the prime factors of 7028457?
3, 2342819
What are the prime factors of 5259582?
2, 3, 47, 6217
List the prime factors of 5472635.
5, 7, 156361
List the prime factors of 388477.
388477
List the prime factors of 52749.
3, 5861
What are the prime factors of 130255?
5, 109, 239
What are the prime factors of 70596?
2, 3, 37, 53
List the prime factors of 67022.
2, 23, 31, 47
What are the prime factors of 4093760?
2, 5, 11, 1163
List the prime factors of 2218030.
2, 5, 137, 1619
What are the prime factors of 294593?
13, 17, 31, 43
What are the prime factors of 8517128?
2, 83, 101, 127
List the prime factors of 3143949.
3, 19, 2903
List the prime factors of 10417216.
2, 139, 1171
What are the prime factors of 148490?
2, 5, 31, 479
What are the prime factors of 3182061?
3, 1060687
What are the prime factors of 181655?
5, 47, 773
What are the prime factors of 26125414?
2, 7, 1866101
What are the prime factors of 731839?
731839
List the prime factors of 4396696.
2, 549587
What are the prime factors of 16362379?
11, 1487489
What are the prime factors of 400652?
2, 7, 41, 349
What are the prime factors of 418303?
418303
What are the prime factors of 3015807?
3, 1005269
What are the prime factors of 3670943?
461, 7963
List the prime factors of 9107333.
23, 395971
What are the prime factors of 233046?
2, 3, 11, 107
What are the prime factors of 4970640?
2, 3, 5, 139, 149
What are the prime factors of 1348256?
2, 7, 13, 463
What are the prime factors of 2447825?
5, 179, 547
List the prime factors of 9911842.
2, 127, 39023
What are the prime factors of 15439108?
2, 179, 21563
What are the prime factors of 14523539?
1447, 10037
What are the prime factors of 145654?
2, 19, 3833
List the prime factors of 399155.
5, 97, 823
List the prime factors of 14896389.
3, 101, 211, 233
What are the prime factors of 886845?
3, 5, 59123
List the prime factors of 64611.
3, 2393
What are the prime factors of 884195?
5, 13, 61, 223
What are the prime factors of 16750993?
7, 103, 3319
List the prime factors of 560378.
2, 7, 13, 3079
List the prime factors of 267565.
5, 59, 907
List the prime factors of 11006054.
2, 19, 31, 9343
What are the prime factors of 8725381?
7, 178069
List the prime factors of 103482.
2, 3, 5749
List the prime factors of 566192.
2, 11, 3217
What are the prime factors of 841819?
11, 103, 743
List the prime factors of 3360695.
5, 13, 149, 347
List the prime factors of 12330201.
3, 13, 467, 677
What are the prime factors of 716712?
2, 3, 29863
What are the prime factors of 1053363?
3, 351121
List the prime factors of 3324043.
37, 89839
List the prime factors of 630534.
2, 3, 19, 5531
List the prime factors of 171871.
7, 43, 571
What are the prime factors of 2449544?
2, 306193
What are the prime factors of 236211?
3, 78737
List the prime factors of 2323729.
31, 74959
List the prime factors of 6283210.
2, 5, 101, 6221
What are the prime factors of 901073?
433, 2081
What are the prime factors of 1738176?
2, 3, 11, 823
What are the prime factors of 687246?
2, 3, 7, 16363
What are the prime factors of 8070192?
2, 3, 13, 479
List the prime factors of 230273.
230273
List the prime factors of 35372690.
2, 5, 3537269
What are the prime factors of 1070920?
2, 5, 41, 653
What are the prime factors of 31074418?
2, 15537209
List the prime factors of 19083.
3, 6361
List the prime factors of 3353130.
2, 3, 5, 11, 1129
What are the prime factors of 310330?
2, 5, 31033
List the prime factors of 13970261.
227, 61543
What are the prime factors of 320034?
2, 3, 11, 13, 373
What are the prime factors of 1886668?
2, 7, 43, 1567
What are the prime factors of 209205?
3, 5, 4649
List the prime factors of 7743566.
2, 3871783
List the prime factors of 796107.
3, 13, 137, 149
What are the prime factors of 145234?
2, 72617
List the prime factors of 6747677.
31, 217667
What are the prime factors of 583678?
2, 17, 17167
What are the prime factors of 194698?
2, 7, 13907
List the prime factors of 2380466.
2, 11, 108203
What are the prime factors of 903361?
67, 97, 139
What are the prime factors of 481907?
547, 881
List the prime factors of 5727711.
3, 11, 37, 4691
List the prime factors of 1896382.
2, 109, 8699
List the prime factors of 461808.
2, 3, 1069
What are the prime factors of 1138176?
2, 3, 13, 19
What are the prime factors of 289716?
2, 3, 7, 3449
What are the prime factors of 1973285?
5, 23, 17159
What are the prime factors of 18421292?
2, 4605323
List the prime factors of 381140.
2, 5, 17, 19, 59
What are the prime factors of 7962239?
17, 27551
What are the prime factors of 2036829?
3, 678943
List the prime factors of 14612810.
2, 5, 29, 41, 1229
List the prime factors of 3029026.
2, 7, 11, 13, 17, 89
List the prime factors of 8821000.
2, 5, 8821
What are the prime factors of 8353144?
2, 79, 13217
List the prime factors of 11198968.
2, 11, 127261
List the prime factors of 297963.
3, 33107
List the prime factors of 12517681